[INFO] cloning repository https://github.com/germanespinosa/rustafaridb
[INFO] running `Command { std: "git" "-c" "credential.helper=" "-c" "credential.helper=/workspace/cargo-home/bin/git-credential-null" "clone" "--bare" "https://github.com/germanespinosa/rustafaridb" "/workspace/cache/git-repos/https%3A%2F%2Fgithub.com%2Fgermanespinosa%2Frustafaridb", kill_on_drop: false }`
[INFO] [stderr] Cloning into bare repository '/workspace/cache/git-repos/https%3A%2F%2Fgithub.com%2Fgermanespinosa%2Frustafaridb'...
[INFO] running `Command { std: "git" "rev-parse" "HEAD", kill_on_drop: false }`
[INFO] [stdout] 706698f3834d9d46b736795cc517f912e67ecd0e
[INFO] checking germanespinosa/rustafaridb against master#cfbc6d4cf1acbac5c025acf8ed68929caa551df3 for pr-75494-beta
[INFO] running `Command { std: "git" "clone" "/workspace/cache/git-repos/https%3A%2F%2Fgithub.com%2Fgermanespinosa%2Frustafaridb" "/workspace/builds/worker-1/source", kill_on_drop: false }`
[INFO] [stderr] Cloning into '/workspace/builds/worker-1/source'...
[INFO] [stderr] done.
[INFO] validating manifest of git repo https://github.com/germanespinosa/rustafaridb on toolchain cfbc6d4cf1acbac5c025acf8ed68929caa551df3
[INFO] running `Command { std: "/workspace/cargo-home/bin/cargo" "+cfbc6d4cf1acbac5c025acf8ed68929caa551df3" "read-manifest" "--manifest-path" "Cargo.toml", kill_on_drop: false }`
[INFO] started tweaking git repo https://github.com/germanespinosa/rustafaridb
[INFO] finished tweaking git repo https://github.com/germanespinosa/rustafaridb
[INFO] tweaked toml for git repo https://github.com/germanespinosa/rustafaridb written to /workspace/builds/worker-1/source/Cargo.toml
[INFO] crate git repo https://github.com/germanespinosa/rustafaridb already has a lockfile, it will not be regenerated
[INFO] running `Command { std: "/workspace/cargo-home/bin/cargo" "+cfbc6d4cf1acbac5c025acf8ed68929caa551df3" "fetch" "--locked" "--manifest-path" "Cargo.toml", kill_on_drop: false }`
[INFO] [stderr]     Blocking waiting for file lock on package cache
[INFO] [stderr]     Blocking waiting for file lock on package cache
[INFO] running `Command { std: "docker" "create" "-v" "/var/lib/crater-agent-workspace/builds/worker-1/target:/opt/rustwide/target:rw,Z" "-v" "/var/lib/crater-agent-workspace/builds/worker-1/source:/opt/rustwide/workdir:ro,Z" "-v" "/var/lib/crater-agent-workspace/cargo-home:/opt/rustwide/cargo-home:ro,Z" "-v" "/var/lib/crater-agent-workspace/rustup-home:/opt/rustwide/rustup-home:ro,Z" "-e" "SOURCE_DIR=/opt/rustwide/workdir" "-e" "CARGO_TARGET_DIR=/opt/rustwide/target" "-e" "CARGO_HOME=/opt/rustwide/cargo-home" "-e" "RUSTUP_HOME=/opt/rustwide/rustup-home" "-w" "/opt/rustwide/workdir" "-m" "1610612736" "--user" "0:0" "--network" "none" "rustops/crates-build-env@sha256:a636fd89d022f18117e1dc8fb37a0a009933cdbbe082814857f0e2024962d47c" "/opt/rustwide/cargo-home/bin/cargo" "+cfbc6d4cf1acbac5c025acf8ed68929caa551df3" "metadata" "--no-deps" "--format-version=1", kill_on_drop: false }`
[INFO] [stdout] d5e6769440ab3f356825ce894024a38928f4871155899952b7c2b99fe3224cca
[INFO] [stderr] WARNING: Your kernel does not support swap limit capabilities or the cgroup is not mounted. Memory limited without swap.
[INFO] running `Command { std: "docker" "start" "-a" "d5e6769440ab3f356825ce894024a38928f4871155899952b7c2b99fe3224cca", kill_on_drop: false }`
[INFO] running `Command { std: "docker" "inspect" "d5e6769440ab3f356825ce894024a38928f4871155899952b7c2b99fe3224cca", kill_on_drop: false }`
[INFO] running `Command { std: "docker" "rm" "-f" "d5e6769440ab3f356825ce894024a38928f4871155899952b7c2b99fe3224cca", kill_on_drop: false }`
[INFO] [stdout] d5e6769440ab3f356825ce894024a38928f4871155899952b7c2b99fe3224cca
[INFO] running `Command { std: "docker" "create" "-v" "/var/lib/crater-agent-workspace/builds/worker-1/target:/opt/rustwide/target:rw,Z" "-v" "/var/lib/crater-agent-workspace/builds/worker-1/source:/opt/rustwide/workdir:ro,Z" "-v" "/var/lib/crater-agent-workspace/cargo-home:/opt/rustwide/cargo-home:ro,Z" "-v" "/var/lib/crater-agent-workspace/rustup-home:/opt/rustwide/rustup-home:ro,Z" "-e" "SOURCE_DIR=/opt/rustwide/workdir" "-e" "CARGO_TARGET_DIR=/opt/rustwide/target" "-e" "CARGO_INCREMENTAL=0" "-e" "RUST_BACKTRACE=full" "-e" "RUSTFLAGS=--cap-lints=forbid" "-e" "CARGO_HOME=/opt/rustwide/cargo-home" "-e" "RUSTUP_HOME=/opt/rustwide/rustup-home" "-w" "/opt/rustwide/workdir" "-m" "1610612736" "--user" "0:0" "--network" "none" "rustops/crates-build-env@sha256:a636fd89d022f18117e1dc8fb37a0a009933cdbbe082814857f0e2024962d47c" "/opt/rustwide/cargo-home/bin/cargo" "+cfbc6d4cf1acbac5c025acf8ed68929caa551df3" "check" "--frozen" "--all" "--all-targets" "--message-format=json", kill_on_drop: false }`
[INFO] [stdout] 98b31e85c61d0739ad501b9aa7ae4f717ee36a3ded432e72068a2a95506f2f6d
[INFO] [stderr] WARNING: Your kernel does not support swap limit capabilities or the cgroup is not mounted. Memory limited without swap.
[INFO] running `Command { std: "docker" "start" "-a" "98b31e85c61d0739ad501b9aa7ae4f717ee36a3ded432e72068a2a95506f2f6d", kill_on_drop: false }`
[INFO] [stderr]     Checking rustafari v0.1.0 (/opt/rustwide/workdir)
[INFO] [stdout] warning: unused import: `std::sync::Arc`
[INFO] [stdout]  --> src/log.rs:5:5
[INFO] [stdout]   |
[INFO] [stdout] 5 | use std::sync::Arc;
[INFO] [stdout]   |     ^^^^^^^^^^^^^^
[INFO] [stdout]   |
[INFO] [stdout]   = note: `#[warn(unused_imports)]` on by default
[INFO] [stdout] 
[INFO] [stdout] 
[INFO] [stdout] warning: use of deprecated item 'std::hash::SipHasher': use `std::collections::hash_map::DefaultHasher` instead
[INFO] [stdout]  --> src/indexmanager.rs:7:23
[INFO] [stdout]   |
[INFO] [stdout] 7 | use std::hash::{Hash, SipHasher, Hasher};
[INFO] [stdout]   |                       ^^^^^^^^^
[INFO] [stdout]   |
[INFO] [stdout]   = note: `#[warn(deprecated)]` on by default
[INFO] [stdout] 
[INFO] [stdout] 
[INFO] [stdout] warning: use of deprecated item 'std::hash::SipHasher': use `std::collections::hash_map::DefaultHasher` instead
[INFO] [stdout]    --> src/indexmanager.rs:159:26
[INFO] [stdout]     |
[INFO] [stdout] 159 |         let mut hasher = SipHasher::new();
[INFO] [stdout]     |                          ^^^^^^^^^^^^^^
[INFO] [stdout] 
[INFO] [stdout] 
[INFO] [stdout] warning: use of deprecated item 'std::hash::SipHasher::new': use `std::collections::hash_map::DefaultHasher` instead
[INFO] [stdout]    --> src/indexmanager.rs:159:26
[INFO] [stdout]     |
[INFO] [stdout] 159 |         let mut hasher = SipHasher::new();
[INFO] [stdout]     |                          ^^^^^^^^^^^^^^
[INFO] [stdout] 
[INFO] [stdout] 
[INFO] [stdout] warning: unused import: `std::sync::Arc`
[INFO] [stdout]  --> src/log.rs:5:5
[INFO] [stdout]   |
[INFO] [stdout] 5 | use std::sync::Arc;
[INFO] [stdout]   |     ^^^^^^^^^^^^^^
[INFO] [stdout]   |
[INFO] [stdout]   = note: `#[warn(unused_imports)]` on by default
[INFO] [stdout] 
[INFO] [stdout] 
[INFO] [stdout] warning: use of deprecated item 'std::hash::SipHasher': use `std::collections::hash_map::DefaultHasher` instead
[INFO] [stdout]   --> src/test.rs:42:25
[INFO] [stdout]    |
[INFO] [stdout] 42 |         use std::hash::{Hash, SipHasher, Hasher};
[INFO] [stdout]    |                               ^^^^^^^^^
[INFO] [stdout]    |
[INFO] [stdout]    = note: `#[warn(deprecated)]` on by default
[INFO] [stdout] 
[INFO] [stdout] 
[INFO] [stdout] warning: use of deprecated item 'std::hash::SipHasher': use `std::collections::hash_map::DefaultHasher` instead
[INFO] [stdout]   --> src/test.rs:58:16
[INFO] [stdout]    |
[INFO] [stdout] 58 |             let mut s = SipHasher::new();
[INFO] [stdout]    |                         ^^^^^^^^^^^^^^
[INFO] [stdout] 
[INFO] [stdout] 
[INFO] [stdout] warning: use of deprecated item 'std::hash::SipHasher': use `std::collections::hash_map::DefaultHasher` instead
[INFO] [stdout]  --> src/indexmanager.rs:7:23
[INFO] [stdout]   |
[INFO] [stdout] 7 | use std::hash::{Hash, SipHasher, Hasher};
[INFO] [stdout]   |                       ^^^^^^^^^
[INFO] [stdout] 
[INFO] [stdout] 
[INFO] [stdout] warning: use of deprecated item 'std::hash::SipHasher': use `std::collections::hash_map::DefaultHasher` instead
[INFO] [stdout]    --> src/indexmanager.rs:159:26
[INFO] [stdout]     |
[INFO] [stdout] 159 |         let mut hasher = SipHasher::new();
[INFO] [stdout]     |                          ^^^^^^^^^^^^^^
[INFO] [stdout] 
[INFO] [stdout] 
[INFO] [stdout] error[E0512]: cannot transmute between types of different sizes, or dependently-sized types
[INFO] [stdout]    --> src/indexmanager.rs:129:13
[INFO] [stdout]     |
[INFO] [stdout] 129 |             mem::transmute::<IndexEntry,[u8;INDEX_ENTRY_SIZE]>(ie)
[INFO] [stdout]     |             ^^^^^^^^^^^^^^^^^^^^^^^^^^^^^^^^^^^^^^^^^^^^^^^^^^
[INFO] [stdout]     |
[INFO] [stdout]     = note: source type: `indexmanager::IndexEntry` (192 bits)
[INFO] [stdout]     = note: target type: `[u8; 32]` (256 bits)
[INFO] [stdout] 
[INFO] [stdout] 
[INFO] [stdout] error[E0512]: cannot transmute between types of different sizes, or dependently-sized types
[INFO] [stdout]    --> src/indexmanager.rs:185:29
[INFO] [stdout]     |
[INFO] [stdout] 185 | ...                   mem::transmute::<[u8;INDEX_ENTRY_SIZE],IndexEntry>(r)
[INFO] [stdout]     |                       ^^^^^^^^^^^^^^^^^^^^^^^^^^^^^^^^^^^^^^^^^^^^^^^^^^
[INFO] [stdout]     |
[INFO] [stdout]     = note: source type: `[u8; 32]` (256 bits)
[INFO] [stdout]     = note: target type: `indexmanager::IndexEntry` (192 bits)
[INFO] [stdout] 
[INFO] [stdout] 
[INFO] [stdout] warning: variable does not need to be mutable
[INFO] [stdout]   --> src/httpprocessor.rs:96:70
[INFO] [stdout]    |
[INFO] [stdout] 96 |     pub fn send_response<W:Write, R:Read>(&mut self, instream : &mut R, mut outstream : &mut W) -> Result<(),()>
[INFO] [stdout]    |                                                                         ----^^^^^^^^^
[INFO] [stdout]    |                                                                         |
[INFO] [stdout]    |                                                                         help: remove this `mut`
[INFO] [stdout]    |
[INFO] [stdout]    = note: `#[warn(unused_mut)]` on by default
[INFO] [stdout] 
[INFO] [stdout] 
[INFO] [stdout] warning: use of deprecated item 'std::hash::SipHasher::new': use `std::collections::hash_map::DefaultHasher` instead
[INFO] [stdout]   --> src/test.rs:58:16
[INFO] [stdout]    |
[INFO] [stdout] 58 |             let mut s = SipHasher::new();
[INFO] [stdout]    |                         ^^^^^^^^^^^^^^
[INFO] [stdout] 
[INFO] [stdout] 
[INFO] [stdout] error[E0507]: cannot move out of `log_sender.0` as `log_sender` is a static item
[INFO] [stdout]   --> src/log.rs:16:26
[INFO] [stdout]    |
[INFO] [stdout] 16 |         if let Some(s) = log_sender
[INFO] [stdout]    |                     -    ^^^^^^^^^^ help: consider borrowing here: `&log_sender`
[INFO] [stdout]    |                     |
[INFO] [stdout]    |                     data moved here
[INFO] [stdout]    |                     move occurs because `s` has type `std::sync::mpsc::Sender<std::string::String>`, which does not implement the `Copy` trait
[INFO] [stdout] 
[INFO] [stdout] 
[INFO] [stdout] error[E0596]: cannot borrow `log_stream` as mutable, as it is not declared as mutable
[INFO] [stdout]   --> src/log.rs:32:13
[INFO] [stdout]    |
[INFO] [stdout] 23 | pub fn start(log_stream: File)
[INFO] [stdout]    |              ---------- help: consider changing this to be mutable: `mut log_stream`
[INFO] [stdout] ...
[INFO] [stdout] 32 |             log_stream.write(&log_string.into_bytes());
[INFO] [stdout]    |             ^^^^^^^^^^ cannot borrow as mutable
[INFO] [stdout] 
[INFO] [stdout] 
[INFO] [stdout] error[E0133]: use of mutable static is unsafe and requires unsafe function or block
[INFO] [stdout]   --> src/log.rs:14:18
[INFO] [stdout]    |
[INFO] [stdout] 14 |     if log_type>=log_level
[INFO] [stdout]    |                  ^^^^^^^^^ use of mutable static
[INFO] [stdout]    |
[INFO] [stdout]    = note: mutable statics can be mutated by multiple threads: aliasing violations or data races will cause undefined behavior
[INFO] [stdout] 
[INFO] [stdout] 
[INFO] [stdout] error[E0133]: use of mutable static is unsafe and requires unsafe function or block
[INFO] [stdout]   --> src/log.rs:16:26
[INFO] [stdout]    |
[INFO] [stdout] 16 |         if let Some(s) = log_sender
[INFO] [stdout]    |                          ^^^^^^^^^^ use of mutable static
[INFO] [stdout]    |
[INFO] [stdout]    = note: mutable statics can be mutated by multiple threads: aliasing violations or data races will cause undefined behavior
[INFO] [stdout] 
[INFO] [stdout] 
[INFO] [stdout] error[E0133]: use of mutable static is unsafe and requires unsafe function or block
[INFO] [stdout]   --> src/log.rs:16:16
[INFO] [stdout]    |
[INFO] [stdout] 16 |         if let Some(s) = log_sender
[INFO] [stdout]    |                ^^^^^^^ use of mutable static
[INFO] [stdout]    |
[INFO] [stdout]    = note: mutable statics can be mutated by multiple threads: aliasing violations or data races will cause undefined behavior
[INFO] [stdout] 
[INFO] [stdout] 
[INFO] [stdout] error[E0133]: use of mutable static is unsafe and requires unsafe function or block
[INFO] [stdout]   --> src/log.rs:16:21
[INFO] [stdout]    |
[INFO] [stdout] 16 |         if let Some(s) = log_sender
[INFO] [stdout]    |                     ^ use of mutable static
[INFO] [stdout]    |
[INFO] [stdout]    = note: mutable statics can be mutated by multiple threads: aliasing violations or data races will cause undefined behavior
[INFO] [stdout] 
[INFO] [stdout] 
[INFO] [stdout] error[E0133]: use of mutable static is unsafe and requires unsafe function or block
[INFO] [stdout]   --> src/log.rs:26:5
[INFO] [stdout]    |
[INFO] [stdout] 26 |     log_sender=Some(tx);
[INFO] [stdout]    |     ^^^^^^^^^^ use of mutable static
[INFO] [stdout]    |
[INFO] [stdout]    = note: mutable statics can be mutated by multiple threads: aliasing violations or data races will cause undefined behavior
[INFO] [stdout] 
[INFO] [stdout] 
[INFO] [stdout] error: aborting due to 9 previous errors; 5 warnings emitted
[INFO] [stdout] 
[INFO] [stdout] 
[INFO] [stdout] Some errors have detailed explanations: E0133, E0507, E0512, E0596.
[INFO] [stdout] 
[INFO] [stdout] For more information about an error, try `rustc --explain E0133`.
[INFO] [stdout] 
[INFO] [stderr] error: could not compile `rustafari`.
[INFO] [stderr] 
[INFO] [stderr] To learn more, run the command again with --verbose.
[INFO] [stderr] warning: build failed, waiting for other jobs to finish...
[INFO] [stdout] warning: use of deprecated item 'std::hash::SipHasher::new': use `std::collections::hash_map::DefaultHasher` instead
[INFO] [stdout]    --> src/indexmanager.rs:159:26
[INFO] [stdout]     |
[INFO] [stdout] 159 |         let mut hasher = SipHasher::new();
[INFO] [stdout]     |                          ^^^^^^^^^^^^^^
[INFO] [stdout] 
[INFO] [stdout] 
[INFO] [stdout] error[E0512]: cannot transmute between types of different sizes, or dependently-sized types
[INFO] [stdout]    --> src/indexmanager.rs:129:13
[INFO] [stdout]     |
[INFO] [stdout] 129 |             mem::transmute::<IndexEntry,[u8;INDEX_ENTRY_SIZE]>(ie)
[INFO] [stdout]     |             ^^^^^^^^^^^^^^^^^^^^^^^^^^^^^^^^^^^^^^^^^^^^^^^^^^
[INFO] [stdout]     |
[INFO] [stdout]     = note: source type: `indexmanager::IndexEntry` (192 bits)
[INFO] [stdout]     = note: target type: `[u8; 32]` (256 bits)
[INFO] [stdout] 
[INFO] [stdout] 
[INFO] [stdout] error[E0512]: cannot transmute between types of different sizes, or dependently-sized types
[INFO] [stdout]    --> src/indexmanager.rs:185:29
[INFO] [stdout]     |
[INFO] [stdout] 185 | ...                   mem::transmute::<[u8;INDEX_ENTRY_SIZE],IndexEntry>(r)
[INFO] [stdout]     |                       ^^^^^^^^^^^^^^^^^^^^^^^^^^^^^^^^^^^^^^^^^^^^^^^^^^
[INFO] [stdout]     |
[INFO] [stdout]     = note: source type: `[u8; 32]` (256 bits)
[INFO] [stdout]     = note: target type: `indexmanager::IndexEntry` (192 bits)
[INFO] [stdout] 
[INFO] [stdout] 
[INFO] [stdout] warning: variable does not need to be mutable
[INFO] [stdout]   --> src/httpprocessor.rs:96:70
[INFO] [stdout]    |
[INFO] [stdout] 96 |     pub fn send_response<W:Write, R:Read>(&mut self, instream : &mut R, mut outstream : &mut W) -> Result<(),()>
[INFO] [stdout]    |                                                                         ----^^^^^^^^^
[INFO] [stdout]    |                                                                         |
[INFO] [stdout]    |                                                                         help: remove this `mut`
[INFO] [stdout]    |
[INFO] [stdout]    = note: `#[warn(unused_mut)]` on by default
[INFO] [stdout] 
[INFO] [stdout] 
[INFO] [stdout] error[E0507]: cannot move out of `log_sender.0` as `log_sender` is a static item
[INFO] [stdout]   --> src/log.rs:16:26
[INFO] [stdout]    |
[INFO] [stdout] 16 |         if let Some(s) = log_sender
[INFO] [stdout]    |                     -    ^^^^^^^^^^ help: consider borrowing here: `&log_sender`
[INFO] [stdout]    |                     |
[INFO] [stdout]    |                     data moved here
[INFO] [stdout]    |                     move occurs because `s` has type `std::sync::mpsc::Sender<std::string::String>`, which does not implement the `Copy` trait
[INFO] [stdout] 
[INFO] [stdout] 
[INFO] [stdout] error[E0596]: cannot borrow `log_stream` as mutable, as it is not declared as mutable
[INFO] [stdout]   --> src/log.rs:32:13
[INFO] [stdout]    |
[INFO] [stdout] 23 | pub fn start(log_stream: File)
[INFO] [stdout]    |              ---------- help: consider changing this to be mutable: `mut log_stream`
[INFO] [stdout] ...
[INFO] [stdout] 32 |             log_stream.write(&log_string.into_bytes());
[INFO] [stdout]    |             ^^^^^^^^^^ cannot borrow as mutable
[INFO] [stdout] 
[INFO] [stdout] 
[INFO] [stdout] error[E0133]: use of mutable static is unsafe and requires unsafe function or block
[INFO] [stdout]   --> src/log.rs:14:18
[INFO] [stdout]    |
[INFO] [stdout] 14 |     if log_type>=log_level
[INFO] [stdout]    |                  ^^^^^^^^^ use of mutable static
[INFO] [stdout]    |
[INFO] [stdout]    = note: mutable statics can be mutated by multiple threads: aliasing violations or data races will cause undefined behavior
[INFO] [stdout] 
[INFO] [stdout] 
[INFO] [stdout] error[E0133]: use of mutable static is unsafe and requires unsafe function or block
[INFO] [stdout]   --> src/log.rs:16:26
[INFO] [stdout]    |
[INFO] [stdout] 16 |         if let Some(s) = log_sender
[INFO] [stdout]    |                          ^^^^^^^^^^ use of mutable static
[INFO] [stdout]    |
[INFO] [stdout]    = note: mutable statics can be mutated by multiple threads: aliasing violations or data races will cause undefined behavior
[INFO] [stdout] 
[INFO] [stdout] 
[INFO] [stdout] error[E0133]: use of mutable static is unsafe and requires unsafe function or block
[INFO] [stdout]   --> src/log.rs:16:16
[INFO] [stdout]    |
[INFO] [stdout] 16 |         if let Some(s) = log_sender
[INFO] [stdout]    |                ^^^^^^^ use of mutable static
[INFO] [stdout]    |
[INFO] [stdout]    = note: mutable statics can be mutated by multiple threads: aliasing violations or data races will cause undefined behavior
[INFO] [stdout] 
[INFO] [stdout] 
[INFO] [stdout] error[E0133]: use of mutable static is unsafe and requires unsafe function or block
[INFO] [stdout]   --> src/log.rs:16:21
[INFO] [stdout]    |
[INFO] [stdout] 16 |         if let Some(s) = log_sender
[INFO] [stdout]    |                     ^ use of mutable static
[INFO] [stdout]    |
[INFO] [stdout]    = note: mutable statics can be mutated by multiple threads: aliasing violations or data races will cause undefined behavior
[INFO] [stdout] 
[INFO] [stdout] 
[INFO] [stdout] error[E0133]: use of mutable static is unsafe and requires unsafe function or block
[INFO] [stdout]   --> src/log.rs:26:5
[INFO] [stdout]    |
[INFO] [stdout] 26 |     log_sender=Some(tx);
[INFO] [stdout]    |     ^^^^^^^^^^ use of mutable static
[INFO] [stdout]    |
[INFO] [stdout]    = note: mutable statics can be mutated by multiple threads: aliasing violations or data races will cause undefined behavior
[INFO] [stdout] 
[INFO] [stdout] 
[INFO] [stdout] error: aborting due to 9 previous errors; 8 warnings emitted
[INFO] [stdout] 
[INFO] [stdout] 
[INFO] [stdout] Some errors have detailed explanations: E0133, E0507, E0512, E0596.
[INFO] [stdout] 
[INFO] [stdout] For more information about an error, try `rustc --explain E0133`.
[INFO] [stdout] 
[INFO] [stderr] error: build failed
[INFO] running `Command { std: "docker" "inspect" "98b31e85c61d0739ad501b9aa7ae4f717ee36a3ded432e72068a2a95506f2f6d", kill_on_drop: false }`
[INFO] running `Command { std: "docker" "rm" "-f" "98b31e85c61d0739ad501b9aa7ae4f717ee36a3ded432e72068a2a95506f2f6d", kill_on_drop: false }`
[INFO] [stdout] 98b31e85c61d0739ad501b9aa7ae4f717ee36a3ded432e72068a2a95506f2f6d
